= 11 - 32. Let x be (24 + z)/(1*1/36). What is the highest common divisor of x and 18?
18
Let b(w) = 3*w**2 - 27*w + 155. Let d be b(10). What is the greatest common divisor of d and 296?
37
Let g(l) = l**3 + 10*l**2 + 8*l - 1. Suppose -3*f = -v - 3*v - 28, 3*v = -2*f - 21. Let b be g(v). What is the highest common divisor of b and 18?
18
Let t(f) = -f**3 + 3*f**2 - 2*f + 3. Let h be t(0). Calculate the highest common factor of 1029 and h.
3
Let a(i) = -i**2 - 59*i - 421. Let q be a(-50). What is the greatest common factor of q and 551?
29
Suppose 5*q - 4*u + 0*u = 62, 4*u - 78 = -5*q. What is the highest common divisor of q and 798?
14
Suppose -6*l - 59 = -71. Calculate the highest common factor of 4 and l.
2
Let o = -84 - -88. Let n be (-2)/o + 171/18. Let r = 58 + 23. Calculate the highest common divisor of r and n.
9
Let a(f) = 9*f**2 + 10*f - 19. Let d be a(2). What is the greatest common factor of 1591 and d?
37
Let u be 28/490 + 4892/140. Let o = 12 + 2. Calculate the highest common divisor of o and u.
7
Suppose 0 = 5*c - 60 + 35. Suppose 3*g = c*g - 20. Calculate the highest common factor of 5 and g.
5
Suppose 5*n = n + 4. Let k be 15/(n - (2 + -2)). Let f(h) = -3*h**3 - 31*h**2 - 13*h + 60. Let a be f(-10). What is the highest common factor of k and a?
15
Let n(m) be the first derivative of m**4/4 - 10*m**3/3 + 9*m**2 - 13*m - 42. Let l be n(8). What is the highest common factor of l and 24?
3
Let m(k) = 2*k**2 + 2*k - 1. Let b be m(2). Let p be ((-188)/16)/((-2)/32). Let x = p - 133. What is the highest common divisor of x and b?
11
Suppose 9052 = 29*n - 2693. Calculate the highest common factor of 675 and n.
135
Let b(d) be the third derivative of d**4/6 - 14*d**3/3 + 38*d**2. Let a be b(16). What is the greatest common divisor of a and 9?
9
Let h = 335 + 45. Calculate the greatest common divisor of h and 20.
20
Let d(k) = -8*k + 1. Let o be (-12)/2 + 2 - -2. Let t be d(o). Suppose -n = b + n - 13, 0 = -b - 3*n + t. Calculate the greatest common divisor of 1 and b.
1
Suppose 0 = -b + 5*k + 169, -3*b - k = -b - 349. Let a be 580*(-14 + (-1269)/(-90)). What is the highest common divisor of a and b?
58
Suppose -19*f + 163 + 27 = 0. Let g(j) = -j**2 - j - 67. Let r be g(0). Let c = r - -117. Calculate the highest common factor of c and f.
10
Let u(p) = -19*p + 45. Let y be u(1). Calculate the greatest common divisor of y and 26.
26
Let h(z) = -z**2 + 14*z - 14. Let a be h(10). Let d(k) = -12*k - 9. Let q be d(-4). Calculate the greatest common factor of q and a.
13
Let t(h) = -2*h - 7. Let m(u) = u**2 - 5*u - 13. Let l(w) = 3*m(w) - 5*t(w). Let j be l(-4). What is the greatest common factor of 32 and j?
32
Let v(t) = 2*t**2 - 2*t + 4. Let o be v(4). Let g(k) = -55*k + 5. Let a be g(-5). Suppose -13*u - a = -17*u. Calculate the greatest common factor of u and o.
14
Let l = -983 + 1183. Calculate the highest common factor of 120 and l.
40
Suppose 0 = -5*y - 3*o + 18, 5 = 2*y + 3*o - 4. Suppose 4*w = -y*a + 23 + 48, -a = 5*w - 86. What is the greatest common divisor of w and 85?
17
Let v(u) = 40*u**3 + 2*u**2. Let i be v(1). Suppose -2*r - 16 = -i. Calculate the highest common divisor of r and 13.
13
Suppose 2*m - l - 140 = 0, -m - 2*m = 2*l - 196. Calculate the highest common factor of 17 and m.
17
Suppose 9*p = -p + 180. Calculate the greatest common factor of 12 and p.
6
Suppose 55 = 5*o - 115. Let u be 1/(-2)*(-4 + -30 + 0). Calculate the greatest common factor of u and o.
17
Let w be 4/(-7) - 4/(-7). Suppose 9*b - 215 - 280 = w. Suppose 0 = 2*r - 25 + 3. What is the greatest common divisor of r and b?
11
Suppose -v - 381 = -66*p + 63*p, -3*p - v + 375 = 0. Calculate the greatest common factor of 12 and p.
6
Let b be (-3)/(-132)*8 + (-1052)/(-22). What is the highest common divisor of 27 and b?
3
Let z be (-39 - -37)*-1*(-89)/2. Let a = z + 109. Calculate the highest common divisor of 30 and a.
10
Suppose 0 = -2*n - 22 - 38. Let q = 61 + n. Calculate the highest common divisor of q and 31.
31
Suppose 0 = 3*g + 2 + 1, 3*r + 2*g - 34 = 0. Suppose -a = a - r. Calculate the highest common factor of a and 78.
6
Let w be (65 + 0)*348/290. What is the highest common factor of w and 18?
6
Suppose -40 = -3*c + 17. Suppose 2*j = -h + 80, 7*h - 154 = 5*h - j. Calculate the highest common factor of c and h.
19
Let d = 8 - 19. Let s = 18 + d. What is the highest common factor of 21 and s?
7
Let l = 25 - 41. Let g = l - -38. Calculate the highest common factor of 176 and g.
22
Let j = 1316 - 757. Suppose -5*w - 3*m + 2*m + j = 0, 2*w - 229 = 5*m. Calculate the highest common factor of w and 16.
16
Suppose -184 = -2*c - 148. What is the highest common factor of 144 and c?
18
Let a = -446 - -210. Let w = a - -391. Let r(z) = -z**3 - 9*z**2 + 7*z + 1. Let t be r(-10). What is the greatest common divisor of t and w?
31
Let o(q) = -73*q + 70. Let c be o(-5). What is the highest common factor of c and 75?
15
Suppose 2*t + t - 9 = 0. Let a be 819/12 + t/4. Suppose 3*c + 0*h - h - a = 0, -4*h = -3*c + 60. Calculate the greatest common factor of 48 and c.
24
Let b = -4 + 2. Let f be (-14)/b*154/49. Calculate the greatest common divisor of 11 and f.
11
Let r(f) = -6*f - 7 - f + 3*f. Let q be r(-3). Suppose x = q*x - 60. What is the greatest common factor of x and 60?
15
Suppose -9*v = -8*v - 2. Suppose -2 = -v*t + 8. Let s(r) = r**3 - r**2 - 8*r + 5. Let w be s(t). Calculate the greatest common factor of w and 26.
13
Suppose 9*t - 8*t = -i + 81, t + 2*i - 77 = 0. Calculate the greatest common factor of 40 and t.
5
Suppose -2 = -z + 5*x, -4*z - 3*x + 0*x + 8 = 0. What is the highest common divisor of 38 and z?
2
Suppose 4*h - 74 = -c - 15, -2*c + 6 = 0. Suppose -4*m = -5*m + 98. What is the greatest common divisor of m and h?
14
Suppose 2*x - 544 = -5*v, x + 296 + 26 = 3*v. Calculate the greatest common factor of v and 24.
12
Let n(a) = -a**3 - 14*a**2 + 14*a - 8. Let v be n(-15). Suppose 4 + v = i. Let t(g) = -18*g - 9. Let w be t(-6). Calculate the highest common factor of w and i.
11
Suppose j + 3*v + 2*v = 30, j + 4*v - 25 = 0. Suppose 3*y + w = -0*y + 44, 5*y + j*w - 80 = 0. Calculate the highest common factor of y and 112.
14
Let u = 365 + -297. Calculate the highest common divisor of 1768 and u.
68
Let l be 33792/(-220)*(-10)/3. Calculate the greatest common divisor of l and 192.
64
Let u be 8/28 + 920/14. Let h be -2 - 7/((-7)/u). What is the highest common divisor of 8 and h?
8
Suppose d - 403 = -k, -5*k - 164 = -4*d - 2188. What is the highest common divisor of 101 and k?
101
Let z(d) = 21*d - 3. Let y be ((-612)/8)/((-1)/(-2)). Let n be (-324)/y + (-4)/34. Let q be z(n). Calculate the highest common divisor of q and 195.
39
Let d be 17/51 - 44/(-3). Suppose -d = -j + 4*g + 34, 4*j - 264 = -g. Calculate the greatest common divisor of 5 and j.
5
Let t be (13/((-39)/6) - 1) + 28. What is the greatest common factor of 725 and t?
25
Let s = -1350 - -1987. Calculate the greatest common divisor of 364 and s.
91
Suppose 574 = 6*v - 2. Let n = -93 + v. Calculate the highest common factor of 7 and n.
1
Suppose -2*w + 35 = -3*y, 2*y + 0*y = 2. What is the greatest common divisor of 551 and w?
19
Let t(a) = -3*a**3 - 12*a**2 + 1. Let n be t(-4). Let u be (144/(-28))/(n/(-7)). Calculate the highest common divisor of 18 and u.
18
Suppose 0 = -4*a - 2*a + 72. Let b(j) = j**2 + j. Let o be b(11). What is the highest common factor of o and a?
12
Suppose -f = 3*f - 84. Let i(o) = 4*o**2 + 8*o - 18. Let r be i(-4). Calculate the highest common divisor of r and f.
7
Let s be 2/(2*1/6). Suppose 0 + s = 3*g. Suppose -g*a = -a - 25. Calculate the highest common factor of a and 10.
5
Let j = -169 - -235. Let i be 3/(-12) + 25/4. Calculate the greatest common divisor of j and i.
6
Let w be -2*((-34)/4 + 1). Let l be -2 + 28/(-12)*-9. Suppose l - 62 = -4*p - y, y = p - 7. Calculate the greatest common divisor of p and w.
5
Let b(c) be the second derivative of c**4/12 - 11*c**3/6 + 3*c**2 + c. Let i be b(11). What is the greatest common factor of i and 66?
6
Let j = -189 + 199. Let u be 806/6 + 1/(-3). Suppose -3*v + j = -u. Calculate the greatest common divisor of v and 16.
16
Let u = 81 + -21. Suppose -29*r = 74*r + 97*r - 30000. Calculate the greatest common divisor o